{"id":122,"date":"2025-03-14T15:31:44","date_gmt":"2025-03-14T15:31:44","guid":{"rendered":"https:\/\/ai-experts.network\/?post_type=team&#038;p=122"},"modified":"2025-10-07T08:56:19","modified_gmt":"2025-10-07T08:56:19","slug":"meike-quentin","status":"publish","type":"team","link":"https:\/\/ai-experts.network\/de\/team\/meike-quentin\/","title":{"rendered":"Meike Quentin"},"content":{"rendered":"<section class=\"l-section wpb_row height_small\"><div class=\"l-section-h i-cf\"><div class=\"g-cols vc_row via_grid cols_1 laptops-cols_inherit tablets-cols_inherit mobiles-cols_1 valign_top type_default stacking_default\"><div class=\"wpb_column vc_column_container\"><div class=\"vc_column-inner\"><div class=\"wpb_text_column\"><div class=\"wpb_wrapper\"><p><span style=\"color: #3dd98f;\"><strong>T\u00dcV-zertifizierte AI-Trainerin, AZAV-zertifizierte Change Managerin und erfahrene Kommunikationsstrategin (25+ Jahre).<\/strong><\/span><\/p>\n<\/div><\/div><div class=\"w-separator size_small\"><\/div><div class=\"wpb_text_column\"><div class=\"wpb_wrapper\"><p>Meike verbindet fundiertes Know-how in K\u00fcnstlicher Intelligenz mit langj\u00e4hriger Expertise in Kommunikation, Change Management und F\u00fchrungskr\u00e4fteenwicklung. Ihr Ziel: Unternehmen und Organisationen bei der Einf\u00fchrung von KI praxisnah, rechtssicher und menschenzentriert ganzheitlich zu begleiten \u2013 an der Schnittstelle von Technologie, Organisation und individueller Kompetenz.<\/p>\n<\/div><\/div><div class=\"w-separator size_small\"><\/div><div class=\"w-tabs style_default switch_click accordion type_togglable has_scrolling remove_indents\" style=\"--sections-title-size:1.2rem\"><div class=\"w-tabs-sections titles-align_none icon_chevron cpos_right\"><div class=\"w-tabs-section\" id=\"gbe5\"><button class=\"w-tabs-section-header\" aria-controls=\"content-gbe5\" aria-expanded=\"false\"><p class=\"w-tabs-section-title\">Kurzbiografie<\/p><div class=\"w-tabs-section-control\"><\/div><\/button><div  class=\"w-tabs-section-content\" id=\"content-gbe5\"><div class=\"w-tabs-section-content-h i-cf\"><div class=\"wpb_text_column\"><div class=\"wpb_wrapper\"><p><b>Ausbildung &amp; Qualifikationen<\/b><b><\/b><\/p>\n<ul>\n<li style=\"list-style-type: none;\">\n<ul>\n<li>\n<p class=\"p1\">Studium der Politischen Wissenschaft in Frankfurt\/M und Hamburg sowie internationale Studienaufenthalte in den USA.<\/p>\n<\/li>\n<li>\n<p class=\"p1\">T\u00dcV-zertifizierte AI-Trainerin (2024)<\/p>\n<\/li>\n<li>\n<p class=\"p1\">AZAV-zertifizierte systemische Coachin f\u00fcr Change Management (2023)<\/p>\n<\/li>\n<li>\n<p class=\"p1\">Alumna New Work Masterskills Executive Program<\/p>\n<\/li>\n<li>\n<p class=\"p1\">Absoventin &#8222;B\u00fchnenpr\u00e4senz &amp; Stimme&#8220; (2022)<\/p>\n<\/li>\n<\/ul>\n<\/li>\n<\/ul>\n<p class=\"p1\"><b>Journalistische &amp; Agentur-Erfahrung<\/b><\/p>\n<ul>\n<li style=\"list-style-type: none;\">\n<ul>\n<li>\n<p class=\"p1\">Volontariat und Redaktionspositionen bei Axel Springer, Gruner + Jahr und Financial Times Deutschland<\/p>\n<\/li>\n<li>\n<p class=\"p1\">Gr\u00fcnderin und Gesch\u00e4ftsf\u00fchrerin der PR- und Kommunikationsagentur &#8222;das AMT GmbH &amp; Co KG&#8220; (20 Jahre)<\/p>\n<\/li>\n<\/ul>\n<\/li>\n<\/ul>\n<p class=\"p1\"><b>F\u00fchrung &amp; Change-Kommunikation<\/b><\/p>\n<ul>\n<li style=\"list-style-type: none;\">\n<ul>\n<li>\n<p class=\"p1\">Direktorin Kommunikation &amp; Marketing, RDC Autozug Sylt (7 Jahre) und RDC Deutschland<\/p>\n<\/li>\n<li>\n<p class=\"p1\">Internationale Change-Projekterfahrung (u.a. SAP S\/4HANA &#8211; Einf\u00fchrung, Lindal Group in D und UK)<\/p>\n<\/li>\n<\/ul>\n<\/li>\n<\/ul>\n<ul>\n<li style=\"list-style-type: none;\"><\/li>\n<\/ul>\n<p class=\"p1\"><b>KI-Training &amp; Beratung<\/b><\/p>\n<ul>\n<li style=\"list-style-type: none;\">\n<ul>\n<li>\n<p class=\"p1\">Entwicklung und Durchf\u00fchrung praxisnaher AI-Trainings: Prompt-Design, GenAI-Tools, Datenschutz, Governance<\/p>\n<\/li>\n<li>\n<p class=\"p1\">Konzeption und Moderation von Leadership-Retreats (\u201eNew Work On Board\u00ae\u201c) f\u00fcr Transformations- und KI-Projekte<\/p>\n<\/li>\n<li>\n<p class=\"p1\">Keynote-Speakerin zu Ethik, Datenschutz und <em>#Herzensintelligenz<\/em><\/p>\n<\/li>\n<\/ul>\n<\/li>\n<\/ul>\n<p class=\"p1\"><b>Sprach- und Kulturkompetenz<\/b><b><\/b><\/p>\n<ul>\n<li style=\"list-style-type: none;\">\n<ul>\n<li>\n<p class=\"p1\">Deutsch (Muttersprache), Englisch (verhandlungssicher), Spanisch (Grundkenntnisse)<\/p>\n<\/li>\n<li>\n<p class=\"p1\">Internationale Praxiserfahrung durch berufliche Projekte und mehrj\u00e4hrige Studienaufenthalte<\/p>\n<\/li>\n<\/ul>\n<\/li>\n<\/ul>\n<p class=\"p1\"><b>Arbeitsmotto<\/b><b><\/b><\/p>\n<p class=\"p2\">Mit dem Konzept <em>#Herzensintelligenz<\/em> r\u00fcckt Meike den Menschen ins Zentrum technologischer Transformation. Wer die kulturelle und kommunikative Dimension von KI beachtet, schafft Vertrauen, Akzeptanz und damit die Grundlage f\u00fcr messbaren wirtschaftlichen Erfolg. KI wird so zum nachhaltigen Werttreiber f\u00fcr Unternehmen, Organisationen und F\u00fchrungskr\u00e4fte.<\/p>\n<\/div><\/div><\/div><\/div><\/div><div class=\"w-tabs-section\" id=\"fddf\"><button class=\"w-tabs-section-header\" aria-controls=\"content-fddf\" aria-expanded=\"false\"><p class=\"w-tabs-section-title\">Schwerpunkte<\/p><div class=\"w-tabs-section-control\"><\/div><\/button><div  class=\"w-tabs-section-content\" id=\"content-fddf\"><div class=\"w-tabs-section-content-h i-cf\"><div class=\"wpb_text_column\"><div class=\"wpb_wrapper\"><ul>\n<li>\n<p class=\"p1\">KI-Trainings &amp; Beratung (Prompting, GenAI, Datenschutz, Governance)<\/p>\n<\/li>\n<li>\n<p class=\"p1\">Change Communications &amp; strategische Kommunikationsprozesse<\/p>\n<\/li>\n<li>\n<p class=\"p1\">F\u00fchrungskr\u00e4fteentwicklung &amp; Begleitung von Transformationen<\/p>\n<\/li>\n<li>\n<p class=\"p1\">Keynote Speakerin zu Ethik, Regulierung und <span class=\"s1\"><b>#<em>HerzensIntelligenz<\/em><\/b><b><\/b><\/span><\/p>\n<\/li>\n<li>\n<p class=\"p1\">Storytelling, Moderation und partizipative Kommunikation<\/p>\n<\/li>\n<\/ul>\n<\/div><\/div><\/div><\/div><\/div><div class=\"w-tabs-section\" id=\"uf51\"><button class=\"w-tabs-section-header\" aria-controls=\"content-uf51\" aria-expanded=\"false\"><p class=\"w-tabs-section-title\">Besonderes Angebot<\/p><div class=\"w-tabs-section-control\"><\/div><\/button><div  class=\"w-tabs-section-content\" id=\"content-uf51\"><div class=\"w-tabs-section-content-h i-cf\"><div class=\"wpb_text_column\"><div class=\"wpb_wrapper\"><p class=\"p1\"><span class=\"s1\"><b>New Work On Board\u00ae<\/b><\/span> \u2013 j\u00e4hrlich begleitet Meike ein ausgew\u00e4hltes F\u00fchrungsteam bei einem exklusiven Leadership-Communications-Retreat auf einem Segelkatamaran in der kroatischen Adria.<br \/>\n<b>N\u00e4chster T\u00f6rn: 2026.<\/b><\/p>\n<\/div><\/div><\/div><\/div><\/div><div class=\"w-tabs-section\" id=\"y176\"><button class=\"w-tabs-section-header\" aria-controls=\"content-y176\" aria-expanded=\"false\"><p class=\"w-tabs-section-title\">Erfolge &amp; Erfahrungen<\/p><div class=\"w-tabs-section-control\"><\/div><\/button><div  class=\"w-tabs-section-content\" id=\"content-y176\"><div class=\"w-tabs-section-content-h i-cf\"><div class=\"wpb_text_column\"><div class=\"wpb_wrapper\"><ul>\n<li>\n<p class=\"p1\"><span class=\"s1\"><b>AI Impact Days 2024 &amp; 2025<\/b><\/span> \u2013 Leitung einer Worksession zur Entwicklung einer KI-Plattform f\u00fcr Wissensmanagement<\/p>\n<\/li>\n<li>\n<p class=\"p1\"><span class=\"s1\"><b>ICMA Jury-Mitglied<\/b><\/span> (International Creative Media Award in Kopenhagen\/ Luxemburg\/ D\u00fcsseldorf\/ Frankfurt\/M.\/Innsbruck)<\/p>\n<\/li>\n<li>\n<p class=\"p1\"><span class=\"s1\"><b>Lindal Group 2023\u20132025<\/b><\/span> \u2013 Change-Begleitung bei SAP S\/4HANA<\/p>\n<\/li>\n<li>\n<p class=\"p1\"><span class=\"s1\"><b>New Work On Board\u00ae<\/b><\/span> \u2013 Initiatorin &amp; Leiterin des j\u00e4hrlichen Leadership-Retreats<\/p>\n<\/li>\n<\/ul>\n<\/div><\/div><\/div><\/div><\/div><\/div><\/div><\/div><\/div><\/div><\/div><\/section>\n","protected":false},"featured_media":1061,"template":"","team_membber_city":[9],"class_list":["post-122","team","type-team","status-publish","has-post-thumbnail","hentry","team_membber_city-hamburg"],"acf":[],"_links":{"self":[{"href":"https:\/\/ai-experts.network\/de\/wp-json\/wp\/v2\/team\/122","targetHints":{"allow":["GET"]}}],"collection":[{"href":"https:\/\/ai-experts.network\/de\/wp-json\/wp\/v2\/team"}],"about":[{"href":"https:\/\/ai-experts.network\/de\/wp-json\/wp\/v2\/types\/team"}],"wp:featuredmedia":[{"embeddable":true,"href":"https:\/\/ai-experts.network\/de\/wp-json\/wp\/v2\/media\/1061"}],"wp:attachment":[{"href":"https:\/\/ai-experts.network\/de\/wp-json\/wp\/v2\/media?parent=122"}],"wp:term":[{"taxonomy":"team_membber_city","embeddable":true,"href":"https:\/\/ai-experts.network\/de\/wp-json\/wp\/v2\/team_membber_city?post=122"}],"curies":[{"name":"wp","href":"https:\/\/api.w.org\/{rel}","templated":true}]}}

<section class="l-section wpb_row height_small"><div class="l-section-h i-cf"><div class="g-cols vc_row via_grid cols_1 laptops-cols_inherit tablets-cols_inherit mobiles-cols_1 valign_top type_default stacking_default"><div class="wpb_column vc_column_container"><div class="vc_column-inner"><div class="wpb_text_column"><div class="wpb_wrapper"><p><span style="color: #3dd98f;"><strong>TÜV-zertifizierte AI-Trainerin, AZAV-zertifizierte Change Managerin und erfahrene Kommunikationsstrategin (25+ Jahre).</strong></span></p>
</div></div><div class="w-separator size_small"></div><div class="wpb_text_column"><div class="wpb_wrapper"><p>Meike verbindet fundiertes Know-how in Künstlicher Intelligenz mit langjähriger Expertise in Kommunikation, Change Management und Führungskräfteenwicklung. Ihr Ziel: Unternehmen und Organisationen bei der Einführung von KI praxisnah, rechtssicher und menschenzentriert ganzheitlich zu begleiten – an der Schnittstelle von Technologie, Organisation und individueller Kompetenz.</p>
</div></div><div class="w-separator size_small"></div><div class="w-tabs style_default switch_click accordion type_togglable has_scrolling remove_indents" style="--sections-title-size:1.2rem"><div class="w-tabs-sections titles-align_none icon_chevron cpos_right"><div class="w-tabs-section" id="gbe5"><button class="w-tabs-section-header" aria-controls="content-gbe5" aria-expanded="false"><p class="w-tabs-section-title">Kurzbiografie</p><div class="w-tabs-section-control"></div></button><div  class="w-tabs-section-content" id="content-gbe5"><div class="w-tabs-section-content-h i-cf"><div class="wpb_text_column"><div class="wpb_wrapper"><p><b>Ausbildung &amp; Qualifikationen</b><b></b></p>
<ul>
<li style="list-style-type: none;">
<ul>
<li>
<p class="p1">Studium der Politischen Wissenschaft in Frankfurt/M und Hamburg sowie internationale Studienaufenthalte in den USA.</p>
</li>
<li>
<p class="p1">TÜV-zertifizierte AI-Trainerin (2024)</p>
</li>
<li>
<p class="p1">AZAV-zertifizierte systemische Coachin für Change Management (2023)</p>
</li>
<li>
<p class="p1">Alumna New Work Masterskills Executive Program</p>
</li>
<li>
<p class="p1">Absoventin &#8222;Bühnenpräsenz &amp; Stimme&#8220; (2022)</p>
</li>
</ul>
</li>
</ul>
<p class="p1"><b>Journalistische &amp; Agentur-Erfahrung</b></p>
<ul>
<li style="list-style-type: none;">
<ul>
<li>
<p class="p1">Volontariat und Redaktionspositionen bei Axel Springer, Gruner + Jahr und Financial Times Deutschland</p>
</li>
<li>
<p class="p1">Gründerin und Geschäftsführerin der PR- und Kommunikationsagentur &#8222;das AMT GmbH &amp; Co KG&#8220; (20 Jahre)</p>
</li>
</ul>
</li>
</ul>
<p class="p1"><b>Führung &amp; Change-Kommunikation</b></p>
<ul>
<li style="list-style-type: none;">
<ul>
<li>
<p class="p1">Direktorin Kommunikation &amp; Marketing, RDC Autozug Sylt (7 Jahre) und RDC Deutschland</p>
</li>
<li>
<p class="p1">Internationale Change-Projekterfahrung (u.a. SAP S/4HANA &#8211; Einführung, Lindal Group in D und UK)</p>
</li>
</ul>
</li>
</ul>
<ul>
<li style="list-style-type: none;"></li>
</ul>
<p class="p1"><b>KI-Training &amp; Beratung</b></p>
<ul>
<li style="list-style-type: none;">
<ul>
<li>
<p class="p1">Entwicklung und Durchführung praxisnaher AI-Trainings: Prompt-Design, GenAI-Tools, Datenschutz, Governance</p>
</li>
<li>
<p class="p1">Konzeption und Moderation von Leadership-Retreats („New Work On Board®“) für Transformations- und KI-Projekte</p>
</li>
<li>
<p class="p1">Keynote-Speakerin zu Ethik, Datenschutz und <em>#Herzensintelligenz</em></p>
</li>
</ul>
</li>
</ul>
<p class="p1"><b>Sprach- und Kulturkompetenz</b><b></b></p>
<ul>
<li style="list-style-type: none;">
<ul>
<li>
<p class="p1">Deutsch (Muttersprache), Englisch (verhandlungssicher), Spanisch (Grundkenntnisse)</p>
</li>
<li>
<p class="p1">Internationale Praxiserfahrung durch berufliche Projekte und mehrjährige Studienaufenthalte</p>
</li>
</ul>
</li>
</ul>
<p class="p1"><b>Arbeitsmotto</b><b></b></p>
<p class="p2">Mit dem Konzept <em>#Herzensintelligenz</em> rückt Meike den Menschen ins Zentrum technologischer Transformation. Wer die kulturelle und kommunikative Dimension von KI beachtet, schafft Vertrauen, Akzeptanz und damit die Grundlage für messbaren wirtschaftlichen Erfolg. KI wird so zum nachhaltigen Werttreiber für Unternehmen, Organisationen und Führungskräfte.</p>
</div></div></div></div></div><div class="w-tabs-section" id="fddf"><button class="w-tabs-section-header" aria-controls="content-fddf" aria-expanded="false"><p class="w-tabs-section-title">Schwerpunkte</p><div class="w-tabs-section-control"></div></button><div  class="w-tabs-section-content" id="content-fddf"><div class="w-tabs-section-content-h i-cf"><div class="wpb_text_column"><div class="wpb_wrapper"><ul>
<li>
<p class="p1">KI-Trainings &amp; Beratung (Prompting, GenAI, Datenschutz, Governance)</p>
</li>
<li>
<p class="p1">Change Communications &amp; strategische Kommunikationsprozesse</p>
</li>
<li>
<p class="p1">Führungskräfteentwicklung &amp; Begleitung von Transformationen</p>
</li>
<li>
<p class="p1">Keynote Speakerin zu Ethik, Regulierung und <span class="s1"><b>#<em>HerzensIntelligenz</em></b><b></b></span></p>
</li>
<li>
<p class="p1">Storytelling, Moderation und partizipative Kommunikation</p>
</li>
</ul>
</div></div></div></div></div><div class="w-tabs-section" id="uf51"><button class="w-tabs-section-header" aria-controls="content-uf51" aria-expanded="false"><p class="w-tabs-section-title">Besonderes Angebot</p><div class="w-tabs-section-control"></div></button><div  class="w-tabs-section-content" id="content-uf51"><div class="w-tabs-section-content-h i-cf"><div class="wpb_text_column"><div class="wpb_wrapper"><p class="p1"><span class="s1"><b>New Work On Board®</b></span> – jährlich begleitet Meike ein ausgewähltes Führungsteam bei einem exklusiven Leadership-Communications-Retreat auf einem Segelkatamaran in der kroatischen Adria.<br />
<b>Nächster Törn: 2026.</b></p>
</div></div></div></div></div><div class="w-tabs-section" id="y176"><button class="w-tabs-section-header" aria-controls="content-y176" aria-expanded="false"><p class="w-tabs-section-title">Erfolge &amp; Erfahrungen</p><div class="w-tabs-section-control"></div></button><div  class="w-tabs-section-content" id="content-y176"><div class="w-tabs-section-content-h i-cf"><div class="wpb_text_column"><div class="wpb_wrapper"><ul>
<li>
<p class="p1"><span class="s1"><b>AI Impact Days 2024 &amp; 2025</b></span> – Leitung einer Worksession zur Entwicklung einer KI-Plattform für Wissensmanagement</p>
</li>
<li>
<p class="p1"><span class="s1"><b>ICMA Jury-Mitglied</b></span> (International Creative Media Award in Kopenhagen/ Luxemburg/ Düsseldorf/ Frankfurt/M./Innsbruck)</p>
</li>
<li>
<p class="p1"><span class="s1"><b>Lindal Group 2023–2025</b></span> – Change-Begleitung bei SAP S/4HANA</p>
</li>
<li>
<p class="p1"><span class="s1"><b>New Work On Board®</b></span> – Initiatorin &amp; Leiterin des jährlichen Leadership-Retreats</p>
</li>
</ul>
</div></div></div></div></div></div></div></div></div></div></div></section>
